 = 2*c, -3*t - 23 = -4*c. Let d(u) = -7*u - 2. Calculate d(t).
5
Suppose -6*o + 47 = -7. Suppose -24 = 17*t - o*t. Let j(n) be the first derivative of -n**3 - 3*n**2/2 + 2*n + 5. What is j(t)?
-16
Let g(z) = -21*z**3 + 9*z**2 - 12*z - 28. Let k(o) = -25*o**3 + 7*o**2 - 14*o - 30. Let y(t) = -6*g(t) + 5*k(t). Give y(19).
56
Let g(s) be the second derivative of s**4/12 + s**3 - 5*s**2/2 + 1769*s. Let u(i) = i**3 + i**2 - 4*i. Let o be u(-3). What is g(o)?
-5
Let w(o) = -o**3 + 3*o**2 - 200*o - 405. Let r be w(-2). Let t(b) = -b**3 + 15*b**2 - 18. Calculate t(r).
-18
Let a(x) = x**3 - 12*x**2 + 11*x. Suppose 0 = -90*o + 440 + 527 - 67. Give a(o).
-90
Let a(o) = 17*o**2 + 26*o**2 + 82 - 9 - 25*o**3 - 21*o**3 - 84*o + 45*o**3. Calculate a(41).
-9
Let h(g) = -g + 2*g - 14 + g. Let t be 47/4 + ((-45)/21 - (-804)/336). Determine h(t).
10
Let w(l) = -3*l**2 + 13*l + 38. Let s be w(6). Let x(h) = h**2 - 7*h - 12. Let k(o) = 3*o**2 - 21*o - 35. Let q(j) = 6*k(j) - 17*x(j). Determine q(s).
2
Suppose p - 57 = -4*n + 9, -5*p - 5*n = -345. Suppose 0 = 10*w + 70 - p. Let z(y) = -y**2 + y - 20. What is z(w)?
-20
Suppose -2*z - 5*m - 59 = -60, 0 = -2*z - 4*m - 2. Let g(q) = 11*q**2 + 8*q - 30 - 3*q**2 + 19 + 6 + q**3. Calculate g(z).
-12
Let y(o) be the third derivative of -25*o**4/24 - 79*o**3/3 + 3*o**2 + 229*o - 1. Determine y(-7).
17
Let y(b) = -11*b + 28. Let d(x) = -x**2 + 20*x - 95. Let l be d(10). Let m(r) = 16*r - 41. Let h(p) = l*m(p) + 7*y(p). What is h(8)?
15
Let g(h) = 11*h**3 - 3*h - 13. Let q(v) = -7*v**3 + v**2 + 3*v + 12. Let z(o) = -2*g(o) - 3*q(o). Determine z(-4).
18
Let n be 4/(-10)*2/(4/(-230)). Suppose -n + 21 = 5*y. Let c(z) = z. Let q(a) = 6*a - 7. Let r(m) = -3*c(m) + q(m). What is r(y)?
-22
Let s(u) = 4*u**2 - 6*u - 1. Let t(x) be the second derivative of 0 + 1/12*x**4 + 0*x**2 + 1/20*x**5 - 22*x - 1/6*x**3. Let w(d) = s(d) - 5*t(d). What is w(-1)?
4
Let x(v) = 8*v - 12 + v**2 + 0*v**2 + 3 - 20*v - 3 + 5*v. Suppose 3*q - 9 = 2*q. Determine x(q).
6
Let h = -100 - -139. Suppose 6*u + 9 = -h. Let c(t) = -7*t. Let q(f) = 20*f. Let g(d) = 17*c(d) + 6*q(d). Determine g(u).
-8
Let o(t) = t**3 - 9*t**2 - 2*t + 24. Suppose 19*d = -69*d + 792. Determine o(d).
6
Let t(q) = 9186 - 3*q - 4594 - 4593. Give t(7).
-22
Let s = 79193 - 79176. Let m(l) be the third derivative of l**6/120 - 3*l**5/10 + 3*l**4/4 - 5*l**3/2 + 2*l**2. Calculate m(s).
2
Let b(p) = p**3 - 10*p**2 - 22*p + 122. Let c be b(11). Let y(h) = -30*h + 66*h - 28*h + 2 - c. What is y(-3)?
-23
Let n(l) = -l**3 - 26*l**2 - 72*l - 71. Let j(p) = -8*p**3 + 45*p**2 + p + 79. Let u be j(6). Determine n(u).
-2
Let o(d) = -3*d. Let q be (-965)/20 - 9/12. Let w = 67 + q. Let r be w/3*(-2)/(-6). Determine o(r).
-6
Let r(o) = -3 + 405*o**2 - 417*o**2 + o + 10 - 5*o**3. Let t(c) = -7*c**3 - 13*c**2 + 2*c + 7. Let d(u) = 3*r(u) - 2*t(u). Give d(-10).
17
Let u(r) = r**3 + 4*r**2 - 3*r. Suppose 2*j + 92 = 112. Let k be j/(-2)*(-268)/(-335). Give u(k).
12
Let g(p) = -11*p**3 + 7*p**2 - 25*p - 15. Let i(k) = 16*k**3 - 5*k**2 + 24*k + 16. Let h(o) = -3*g(o) - 2*i(o). Calculate h(7).
6
Suppose -59 = -3*z - 11. Let t(h) = -h**3 + 17*h**2 - 14*h - 30. Let f be t(z). Let v(r) = -525 - r**f + 527 + 3*r - 2*r. Calculate v(3).
-4
Let n be (-76)/(-16) + (9/(-12) - -1). Let a(y) = -4 + n + 4 - y**3 + 3. What is a(0)?
8
Let k = 1897 + -1907. Let b(i) = -4*i - 45. Determine b(k).
-5
Suppose -7 - 17 = 4*r. Let l(y) be the second derivative of y**3/3 + 9*y**2/2 - 675*y. What is l(r)?
-3
Let i = 35 + -36. Suppose 2*t - 2*q = -0*q - 6, 0 = t - 5*q - 9. Let c = i + t. Let a(n) = n**2 + 8*n + 4. Determine a(c).
-3
Let g(l) = -2*l**3 + 7*l**2 + 7*l + 4. Let x(j) = j**3 + j - 113 + 113 + j**2. Let s be (-2)/4*2*(-6 - -3). Let q(w) = s*x(w) + g(w). Give q(-9).
-5
Let j(y) be the third derivative of y**5/60 + 7*y**4/24 - 5*y**3/6 - 3324*y**2. Calculate j(-6).
-11
Let v(c) be the first derivative of -c**6/45 + c**5/120 + c**4/12 + 85*c**3/3 - 82. Let n(p) be the third derivative of v(p). Determine n(2).
-28
Let q(v) = -v**2 + 6*v - 4. Suppose 19*g - 372 = -1018. Let m = g + 38. Determine q(m).
4
Suppose 0 = 3*s - 3*c - 21, 3*s - 4*c - 54 + 30 = 0. Let k(u) = u**2 - 2*u - 11. Let t be k(s). Let o(w) = -w**2 + 1. Calculate o(t).
-8
Suppose c = -4*b + 19, -2*c = b + 3*c + 19. Let o(u) = -u**3 - u - 1. Let n(z) = -3*z**3 - 4*z**2 - 11*z - 10. Let v(k) = n(k) - 4*o(k). Give v(b).
24
Suppose 66*i - 42 = 60*i. Let o(v) = 4 - 13 + v**3 + 4*v - 10*v - i*v**2 + 4 + 14*v. Give o(6).
7
Let c(q) = 15 + 2795*q**2 + 11 + 12*q - 2794*q**2. Give c(-13).
39
Let g = -1643 - -1643. Let u(n) be the second derivative of 1/4*n**4 + 1/20*n**5 + 0 + 12*n + 1/6*n**3 + g*n**2. Determine u(-3).
-3
Let a = -14983 + 14992. Let c(h) = 3*h**2 - 9*h - 11. Let o(j) = 13*j**2 - 36*j - 43. Let f(v) = 9*c(v) - 2*o(v). Calculate f(a).
-13
Suppose 13*b + 3*b = 608. Let r(s) = -b*s - s**2 - 2 + 6 + 37*s. Determine r(-4).
-8
Let k be (-6)/(-5) + 80/(-900)*36. Let b = -4 + 7. Let n(l) = b*l + l + 0*l + 2. What is n(k)?
-6
Let m(b) = -9*b**2 + 7 - 2*b**3 + 3*b**3 - 2 + 8*b. Let h = -38325 - -38333. Determine m(h).
5
Let p(k) = k**2 - k - 12. Suppose 2*g + 3*c - 19 = 0, -g + 9*c - 4*c - 23 = 0. Suppose -t + g = 4*i, 0 = 86*i - 84*i - 4*t + 8. Give p(i).
-12
Let m(h) = -2*h + 5. Suppose -69*n = -72*n - 36. Let d = n + 19. Give m(d).
-9
Suppose 2*y - x - 4407 = -2*x, -2*y + 4*x + 4392 = 0. Let v(l) = -4 + l + 3 + 2197*l**2 - y*l**2. Calculate v(1).
-5
Let y(d) = -2*d**3 + 2*d**2 + 1. Let u be ((2 + 0)/(-8))/((-25)/100). Let k(z) = 11*z**3 - 13*z**2 - 4*z. Let t(v) = u*k(v) + 5*y(v). Determine t(2).
-7
Let v(g) = -188*g - 147. Let x(j) = 282*j + 223. Let h(d) = 7*v(d) + 5*x(d). Calculate h(-1).
-8
Let t be (-8)/16*1*830. Let f = t + 424. Let w(n) = n**3 - 10*n**2 + 9*n - 1. Determine w(f).
-1
Let h(n) be the third derivative of -n**4/8 + 7*n**3/3 - 3*n**2 + 7191. Let r(v) = -v**3 + 4*v**2 - 3. Let f be r(3). Calculate h(f).
-4
Let b(u) = u - 21. Let a be 33/77 - ((-33)/21 - -2). Determine b(a).
-21
Let h(c) = 2*c**2 - 2*c**2 + 3 - 10*c - 2*c**2 + 4*c. Let r(k) = -k**2 - 7*k + 4. Let y(d) = -2*h(d) + 3*r(d). What is y(6)?
-12
Let q(c) = -4*c**2 + 1. Let z(w) = 10*w**2 + 4*w - 12. Let d(s) = -3*q(s) - z(s). Calculate d(-7).
135
Let c(u) = -7*u - 21. Let k be c(-4). Suppose -5*o + 4*o + k = g, o = -2*g + 11. Suppose -l + 2 = o. Let i(b) = -5*b**3 - b**2 - b - 1. Calculate i(l).
4
Let y(v) = -13*v - 9. Let z = -9756 + 9750. Give y(z).
69
Let c(h) = h**2 - 5*h + 2. Let f be (-56)/364 + (1 - 30/(-26)). Let p be (48/28)/(f/7). Give c(p).
8
Let f(y) = 8*y**2 + 6*y - 5. Let a be (-10 - -19 - 10)*-1. What is f(a)?
9
Let q(v) = v**3 + 13*v**2 - 11*v + 52. Let o be q(-14). Let u(f) = f**3 - 9*f**2 - 5*f - 36. Calculate u(o).
14
Suppose 6 = -2*u, -4*u - 98 = -4*v - 78. Let z be 9/(-12) + 6/8. Let j be (z + v)/((-8)/12). Let o(y) = -3*y + 4. Give o(j).
13
Let p(t) = 194*t - 177*t - t**2 - 10*t**2 + 5*t**2 - 38 + 5*t**2. Determine p(13).
14
Suppose 0 = -p - c + 10, 0 = -2*p + 2*c - 4 + 36. Suppose -z + 5*u = -0*u - 11, 4*z - u + p = 0. Let m(s) = s**3 + 4*s**2 + 2*s + 5. Give m(z).
-3
Let t(d) = -d - 13. Let y be (0/(-16) - 5*-1)*1. Suppose -8*r + 5*z = -5*r + y, 3*r + 2*z + 40 = 0. Give t(r).
-3
Let h(s) = s**3 + 4*s**2 + 3*s. Let j be h(-3). Let b be 0/(0 + j - -3). Suppose -3 = -3*z - b*z. Let x(d) = d**2 - 2*d + 1. Determine x(z).
0
Let m be 5 + 1*-4 + 1. Let x(b) = -m*b + 1 + b + 1 + 3. Let r(j) = 8*j - 43. Let z be r(6). Give x(z).
0
Let v be 1/(-2) + (-6)/4. Let l be (9/v)/((-6)/(-8)). Let k(b) = 62*b**3 - 163*b**3 + 6*b + 51*b**3 + 7*b**2 + 51*b**3. Calculate k(l).
0
Let o(a) = -a**3 - 7*a**2 - 4*a + 8. Let m = -160 + 157. Let y(h) = -h**2 - 6*h - 5. Let z be y(-2). Let d be m/(z/(-2)) + -8. Give o(d).
-4
Let f be (24/(-30))/((-1)/5) + 0. Suppose 0 = 3*p + 3*p - 156. Let y(z) = 3*z + 33 - 65 + p. What is y(f)?
6
Let q(o) = 10*o**2 - 108*o + 176. Let i be q(9). Let f(j) = -j**3 + 14*j**2 - 2*j + 26. Determine f(i).
-2
Let k(d) = -d**2 + 16*d - 7. Suppose -11*b + 62 = -7*b + 2*z, -b - 5*z = -29. Calculate k(b).
21
Let h(a) = a**2 - 3*a - 6. Let r(u) = -11*u**2 + 7*u**2 + 6*u**2 - 1 + 13*u + 6*u**2. Let x be r(-2). Give h(x).
4
Suppose 7*j = -18 + 18. Let c(v) be the third d